{"id":251,"date":"2020-03-07T16:36:58","date_gmt":"2020-03-07T15:36:58","guid":{"rendered":"http:\/\/zbrojak-hradec.cz\/?page_id=251"},"modified":"2020-03-07T21:55:09","modified_gmt":"2020-03-07T20:55:09","slug":"muze-se-hodit","status":"publish","type":"page","link":"https:\/\/zbrojak-hradec.cz\/?page_id=251","title":{"rendered":"M\u016f\u017ee se hodit"},"content":{"rendered":"\n<div class=\"wp-block-media-text alignwide\"><figure class=\"wp-block-media-text__media\"><img loading=\"lazy\" decoding=\"async\" width=\"748\" height=\"391\" src=\"http:\/\/zbrojak-hradec.cz\/wp-content\/uploads\/2017\/07\/knife-attack-self-defense.jpg\" alt=\"\" class=\"wp-image-106\" srcset=\"https:\/\/zbrojak-hradec.cz\/wp-content\/uploads\/2017\/07\/knife-attack-self-defense.jpg 748w, https:\/\/zbrojak-hradec.cz\/wp-content\/uploads\/2017\/07\/knife-attack-self-defense-300x157.jpg 300w\" sizes=\"auto, (max-width: 748px) 100vw, 748px\" \/><\/figure><div class=\"wp-block-media-text__content\">\n<p class=\"has-normal-font-size\"> Mno\u017e\u00ed se dotazy, jak\u00fd je p\u0159esn\u00fd postup p\u0159i n\u00e1kupu zbran\u011b na zbrojn\u00ed  pr\u016fkaz, proto V\u00e1m zkus\u00edme pomoci touto cestou. P\u0159edpokl\u00e1dejme tedy, \u017ee  jste \u00fasp\u011b\u0161n\u011b slo\u017eili zkou\u0161ky odborn\u00e9 zp\u016fsobilosti a m\u00e1te si j\u00edt  vyzvednout zbrojn\u00ed pr\u016fkaz (zbrojn\u00ed pas). V tuto chv\u00edli je vhodn\u00e9  automaticky po\u017e\u00e1dat o vyd\u00e1n\u00ed n\u00e1kupn\u00edho povolen\u00ed (pokud si chcete po\u0159\u00eddit  zbra\u0148 kategorie B).  <\/p>\n\n\n\n<div class=\"wp-block-button\"><a class=\"wp-block-button__link has-background has-vivid-red-background-color\" href=\"https:\/\/zbrojak-hradec.cz\/?page_id=63\">Postup p\u0159i n\u00e1kupu zbran\u011b<\/a><\/div>\n<\/div><\/div>\n\n\n\n<p><\/p>\n\n\n\n<div class=\"wp-block-media-text alignwide has-media-on-the-right\"><figure class=\"wp-block-media-text__media\"><img loading=\"lazy\" decoding=\"async\" width=\"800\" height=\"479\" src=\"http:\/\/zbrojak-hradec.cz\/wp-content\/uploads\/2020\/03\/43574659_1717039355091225_2634182504394784768_n2.jpg\" alt=\"\" class=\"wp-image-231\"\/><\/figure><div class=\"wp-block-media-text__content\">\n<p class=\"has-normal-font-size\">  Na t\u00e9to str\u00e1nce najdete vzorov\u00fd test teoretick\u00fdch znalost\u00ed ke zkou\u0161ce odborn\u00e9 zp\u016fsobilosti.<br>             Sna\u017eili jsme se jej co nejv\u00edce p\u0159ibl\u00ed\u017eit re\u00e1ln\u00e9mu pap\u00edrov\u00e9mu testu tak, jak v\u00e1s \u010dek\u00e1 u zkou\u0161ky.           <\/p>\n\n\n\n<div class=\"wp-block-button\"><a class=\"wp-block-button__link has-background has-vivid-red-background-color\" href=\"http:\/\/zbranekvalitne.cz\/zbrojni-prukaz\/testove-otazky\/test-nanecisto\">Cvi\u010dn\u00fd test<\/a><\/div>\n<\/div><\/div>\n\n\n\n<p><\/p>\n\n\n\n<div class=\"wp-block-media-text alignwide\"><figure class=\"wp-block-media-text__media\"><img loading=\"lazy\" decoding=\"async\" width=\"1024\" height=\"576\" src=\"http:\/\/zbrojak-hradec.cz\/wp-content\/uploads\/2017\/07\/151006152617-gun-store-sale-02-super-tease-1024x576.jpg\" alt=\"\" class=\"wp-image-109\" srcset=\"https:\/\/zbrojak-hradec.cz\/wp-content\/uploads\/2017\/07\/151006152617-gun-store-sale-02-super-tease-1024x576.jpg 1024w, https:\/\/zbrojak-hradec.cz\/wp-content\/uploads\/2017\/07\/151006152617-gun-store-sale-02-super-tease-300x169.jpg 300w, https:\/\/zbrojak-hradec.cz\/wp-content\/uploads\/2017\/07\/151006152617-gun-store-sale-02-super-tease-768x432.jpg 768w, https:\/\/zbrojak-hradec.cz\/wp-content\/uploads\/2017\/07\/151006152617-gun-store-sale-02-super-tease.jpg 1100w\" sizes=\"auto, (max-width: 1024px) 100vw, 1024px\" \/><\/figure><div class=\"wp-block-media-text__content\">\n<p class=\"has-normal-font-size\"> Vzhledem k tomu, \u017ee pro z\u00edsk\u00e1n\u00ed zbrojn\u00edho pr\u016fkazu pot\u0159ebujete v\u011bd\u011bt,  jak\u00e9 zbran\u011b chcete nab\u00fdvat \u010di nosit, p\u0159e\u010dt\u011bte si n\u00e1sleduj\u00edc\u00ed \u0159\u00e1dky. Snad  V\u00e1m to pom\u016f\u017ee s v\u00fdb\u011brem spr\u00e1vn\u00e9 <a href=\"http:\/\/zbrojak-hradec.cz\/?page_id=65\">skupiny zbrojn\u00edho pr\u016fkazu<\/a>. Zbran\u011b se d\u011bl\u00ed do p\u011bti kategori\u00ed, p\u0159i\u010dem\u017e pro ka\u017edou plat\u00ed tro\u0161i\u010dku jin\u00e1 pravidla. <\/p>\n\n\n\n<div class=\"wp-block-button\"><a class=\"wp-block-button__link has-background has-vivid-red-background-color\" href=\"https:\/\/zbrojak-hradec.cz\/?page_id=61\">Skupiny zbran\u00ed<\/a><\/div>\n<\/div><\/div>\n","protected":false},"excerpt":{"rendered":"","protected":false},"author":2,"featured_media":0,"parent":0,"menu_order":0,"comment_status":"closed","ping_status":"closed","template":"page-fullwidth.php","meta":{"_acf_changed":false,"footnotes":""},"tags":[],"class_list":["post-251","page","type-page","status-publish","hentry"],"acf":[],"yoast_head":"<!-- This site is optimized with the Yoast SEO plugin v25.3.1 - https:\/\/yoast.com\/wordpress\/plugins\/seo\/ -->\n<title>M\u016f\u017ee se hodit - Zbroj\u00e1k Hradec Kr\u00e1lov\u00e9 - zbrojn\u00ed pr\u016fkazy<\/title>\n<meta name=\"robots\" content=\"index, follow, max-snippet:-1, max-image-preview:large, max-video-preview:-1\" \/>\n<link rel=\"canonical\" href=\"https:\/\/zbrojak-hradec.cz\/?page_id=251\" \/>\n<meta property=\"og:locale\" content=\"cs_CZ\" \/>\n<meta property=\"og:type\" content=\"article\" \/>\n<meta property=\"og:title\" content=\"M\u016f\u017ee se hodit - Zbroj\u00e1k Hradec Kr\u00e1lov\u00e9 - zbrojn\u00ed pr\u016fkazy\" \/>\n<meta property=\"og:url\" content=\"https:\/\/zbrojak-hradec.cz\/?page_id=251\" \/>\n<meta property=\"og:site_name\" content=\"Zbroj\u00e1k Hradec Kr\u00e1lov\u00e9 - zbrojn\u00ed pr\u016fkazy\" \/>\n<meta property=\"article:publisher\" content=\"https:\/\/www.facebook.com\/Zbroj%c3%a1k-Hradec-Kr%c3%a1lov%c3%a9-1187360928059073\/?fref=ts\" \/>\n<meta property=\"article:modified_time\" content=\"2020-03-07T20:55:09+00:00\" \/>\n<meta property=\"og:image\" content=\"http:\/\/zbrojak-hradec.cz\/wp-content\/uploads\/2017\/07\/knife-attack-self-defense.jpg\" \/>\n<meta name=\"twitter:card\" content=\"summary_large_image\" \/>\n<meta name=\"twitter:label1\" content=\"Odhadovan\u00e1 doba \u010dten\u00ed\" \/>\n\t<meta name=\"twitter:data1\" content=\"1 minuta\" \/>\n<script type=\"application\/ld+json\" class=\"yoast-schema-graph\">{\"@context\":\"https:\/\/schema.org\",\"@graph\":[{\"@type\":\"WebPage\",\"@id\":\"https:\/\/zbrojak-hradec.cz\/?page_id=251\",\"url\":\"https:\/\/zbrojak-hradec.cz\/?page_id=251\",\"name\":\"M\u016f\u017ee se hodit - Zbroj\u00e1k Hradec Kr\u00e1lov\u00e9 - zbrojn\u00ed pr\u016fkazy\",\"isPartOf\":{\"@id\":\"https:\/\/zbrojak-hradec.cz\/#website\"},\"primaryImageOfPage\":{\"@id\":\"https:\/\/zbrojak-hradec.cz\/?page_id=251#primaryimage\"},\"image\":{\"@id\":\"https:\/\/zbrojak-hradec.cz\/?page_id=251#primaryimage\"},\"thumbnailUrl\":\"http:\/\/zbrojak-hradec.cz\/wp-content\/uploads\/2017\/07\/knife-attack-self-defense.jpg\",\"datePublished\":\"2020-03-07T15:36:58+00:00\",\"dateModified\":\"2020-03-07T20:55:09+00:00\",\"breadcrumb\":{\"@id\":\"https:\/\/zbrojak-hradec.cz\/?page_id=251#breadcrumb\"},\"inLanguage\":\"cs\",\"potentialAction\":[{\"@type\":\"ReadAction\",\"target\":[\"https:\/\/zbrojak-hradec.cz\/?page_id=251\"]}]},{\"@type\":\"ImageObject\",\"inLanguage\":\"cs\",\"@id\":\"https:\/\/zbrojak-hradec.cz\/?page_id=251#primaryimage\",\"url\":\"https:\/\/zbrojak-hradec.cz\/wp-content\/uploads\/2017\/07\/knife-attack-self-defense.jpg\",\"contentUrl\":\"https:\/\/zbrojak-hradec.cz\/wp-content\/uploads\/2017\/07\/knife-attack-self-defense.jpg\",\"width\":748,\"height\":391},{\"@type\":\"BreadcrumbList\",\"@id\":\"https:\/\/zbrojak-hradec.cz\/?page_id=251#breadcrumb\",\"itemListElement\":[{\"@type\":\"ListItem\",\"position\":1,\"name\":\"Dom\u016f\",\"item\":\"https:\/\/zbrojak-hradec.cz\/\"},{\"@type\":\"ListItem\",\"position\":2,\"name\":\"M\u016f\u017ee se hodit\"}]},{\"@type\":\"WebSite\",\"@id\":\"https:\/\/zbrojak-hradec.cz\/#website\",\"url\":\"https:\/\/zbrojak-hradec.cz\/\",\"name\":\"Zbroj\u00e1k Hradec Kr\u00e1lov\u00e9 - zbrojn\u00ed pr\u016fkazy\",\"description\":\"Kurzy ke z\u00edsk\u00e1n\u00ed ZP v Hradci Kr\u00e1lov\u00e9 a okol\u00ed\",\"potentialAction\":[{\"@type\":\"SearchAction\",\"target\":{\"@type\":\"EntryPoint\",\"urlTemplate\":\"https:\/\/zbrojak-hradec.cz\/?s={search_term_string}\"},\"query-input\":{\"@type\":\"PropertyValueSpecification\",\"valueRequired\":true,\"valueName\":\"search_term_string\"}}],\"inLanguage\":\"cs\"}]}<\/script>\n<!-- \/ Yoast SEO plugin. -->","yoast_head_json":{"title":"M\u016f\u017ee se hodit - Zbroj\u00e1k Hradec Kr\u00e1lov\u00e9 - zbrojn\u00ed pr\u016fkazy","robots":{"index":"index","follow":"follow","max-snippet":"max-snippet:-1","max-image-preview":"max-image-preview:large","max-video-preview":"max-video-preview:-1"},"canonical":"https:\/\/zbrojak-hradec.cz\/?page_id=251","og_locale":"cs_CZ","og_type":"article","og_title":"M\u016f\u017ee se hodit - Zbroj\u00e1k Hradec Kr\u00e1lov\u00e9 - zbrojn\u00ed pr\u016fkazy","og_url":"https:\/\/zbrojak-hradec.cz\/?page_id=251","og_site_name":"Zbroj\u00e1k Hradec Kr\u00e1lov\u00e9 - zbrojn\u00ed pr\u016fkazy","article_publisher":"https:\/\/www.facebook.com\/Zbroj%c3%a1k-Hradec-Kr%c3%a1lov%c3%a9-1187360928059073\/?fref=ts","article_modified_time":"2020-03-07T20:55:09+00:00","og_image":[{"url":"http:\/\/zbrojak-hradec.cz\/wp-content\/uploads\/2017\/07\/knife-attack-self-defense.jpg","type":"","width":"","height":""}],"twitter_card":"summary_large_image","twitter_misc":{"Odhadovan\u00e1 doba \u010dten\u00ed":"1 minuta"},"schema":{"@context":"https:\/\/schema.org","@graph":[{"@type":"WebPage","@id":"https:\/\/zbrojak-hradec.cz\/?page_id=251","url":"https:\/\/zbrojak-hradec.cz\/?page_id=251","name":"M\u016f\u017ee se hodit - Zbroj\u00e1k Hradec Kr\u00e1lov\u00e9 - zbrojn\u00ed pr\u016fkazy","isPartOf":{"@id":"https:\/\/zbrojak-hradec.cz\/#website"},"primaryImageOfPage":{"@id":"https:\/\/zbrojak-hradec.cz\/?page_id=251#primaryimage"},"image":{"@id":"https:\/\/zbrojak-hradec.cz\/?page_id=251#primaryimage"},"thumbnailUrl":"http:\/\/zbrojak-hradec.cz\/wp-content\/uploads\/2017\/07\/knife-attack-self-defense.jpg","datePublished":"2020-03-07T15:36:58+00:00","dateModified":"2020-03-07T20:55:09+00:00","breadcrumb":{"@id":"https:\/\/zbrojak-hradec.cz\/?page_id=251#breadcrumb"},"inLanguage":"cs","potentialAction":[{"@type":"ReadAction","target":["https:\/\/zbrojak-hradec.cz\/?page_id=251"]}]},{"@type":"ImageObject","inLanguage":"cs","@id":"https:\/\/zbrojak-hradec.cz\/?page_id=251#primaryimage","url":"https:\/\/zbrojak-hradec.cz\/wp-content\/uploads\/2017\/07\/knife-attack-self-defense.jpg","contentUrl":"https:\/\/zbrojak-hradec.cz\/wp-content\/uploads\/2017\/07\/knife-attack-self-defense.jpg","width":748,"height":391},{"@type":"BreadcrumbList","@id":"https:\/\/zbrojak-hradec.cz\/?page_id=251#breadcrumb","itemListElement":[{"@type":"ListItem","position":1,"name":"Dom\u016f","item":"https:\/\/zbrojak-hradec.cz\/"},{"@type":"ListItem","position":2,"name":"M\u016f\u017ee se hodit"}]},{"@type":"WebSite","@id":"https:\/\/zbrojak-hradec.cz\/#website","url":"https:\/\/zbrojak-hradec.cz\/","name":"Zbroj\u00e1k Hradec Kr\u00e1lov\u00e9 - zbrojn\u00ed pr\u016fkazy","description":"Kurzy ke z\u00edsk\u00e1n\u00ed ZP v Hradci Kr\u00e1lov\u00e9 a okol\u00ed","potentialAction":[{"@type":"SearchAction","target":{"@type":"EntryPoint","urlTemplate":"https:\/\/zbrojak-hradec.cz\/?s={search_term_string}"},"query-input":{"@type":"PropertyValueSpecification","valueRequired":true,"valueName":"search_term_string"}}],"inLanguage":"cs"}]}},"_links":{"self":[{"href":"https:\/\/zbrojak-hradec.cz\/index.php?rest_route=\/wp\/v2\/pages\/251","targetHints":{"allow":["GET"]}}],"collection":[{"href":"https:\/\/zbrojak-hradec.cz\/index.php?rest_route=\/wp\/v2\/pages"}],"about":[{"href":"https:\/\/zbrojak-hradec.cz\/index.php?rest_route=\/wp\/v2\/types\/page"}],"author":[{"embeddable":true,"href":"https:\/\/zbrojak-hradec.cz\/index.php?rest_route=\/wp\/v2\/users\/2"}],"replies":[{"embeddable":true,"href":"https:\/\/zbrojak-hradec.cz\/index.php?rest_route=%2Fwp%2Fv2%2Fcomments&post=251"}],"version-history":[{"count":6,"href":"https:\/\/zbrojak-hradec.cz\/index.php?rest_route=\/wp\/v2\/pages\/251\/revisions"}],"predecessor-version":[{"id":264,"href":"https:\/\/zbrojak-hradec.cz\/index.php?rest_route=\/wp\/v2\/pages\/251\/revisions\/264"}],"wp:attachment":[{"href":"https:\/\/zbrojak-hradec.cz\/index.php?rest_route=%2Fwp%2Fv2%2Fmedia&parent=251"}],"wp:term":[{"taxonomy":"post_tag","embeddable":true,"href":"https:\/\/zbrojak-hradec.cz\/index.php?rest_route=%2Fwp%2Fv2%2Ftags&post=251"}],"curies":[{"name":"wp","href":"https:\/\/api.w.org\/{rel}","templated":true}]}}